{"id":8445,"date":"2025-12-18T02:35:54","date_gmt":"2025-12-18T02:35:54","guid":{"rendered":"https:\/\/alsum.co\/biblioteca\/ep-19-alianca-estrategica-ime-e-alsum-revolucionam-a-formacao-em-seguros-maritimos-na-ibero-america\/"},"modified":"2025-12-18T02:35:54","modified_gmt":"2025-12-18T02:35:54","slug":"ep-19-alianca-estrategica-ime-e-alsum-revolucionam-a-formacao-em-seguros-maritimos-na-ibero-america","status":"publish","type":"biblioteca","link":"https:\/\/alsum.co\/pt-br\/biblioteca\/ep-19-alianca-estrategica-ime-e-alsum-revolucionam-a-formacao-em-seguros-maritimos-na-ibero-america\/","title":{"rendered":"EP 19. Alian\u00e7a Estrat\u00e9gica: IME e ALSUM revolucionam a Forma\u00e7\u00e3o em Seguros Mar\u00edtimos na Ibero-Am\u00e9rica"},"content":{"rendered":"","protected":false},"excerpt":{"rendered":"","protected":false},"featured_media":8444,"template":"","meta":{"_acf_changed":false},"tipo_de_documento":[358],"etiquetas_tematicas":[429,431,430],"class_list":["post-8445","biblioteca","type-biblioteca","status-publish","has-post-thumbnail","hentry","tipo_de_documento-podcast","etiquetas_tematicas-formacao-maritima","etiquetas_tematicas-instituto-maritimo-espanhol","etiquetas_tematicas-transporte-de-carga"],"acf":[],"_links":{"self":[{"href":"https:\/\/alsum.co\/pt-br\/wp-json\/wp\/v2\/biblioteca\/8445","targetHints":{"allow":["GET"]}}],"collection":[{"href":"https:\/\/alsum.co\/pt-br\/wp-json\/wp\/v2\/biblioteca"}],"about":[{"href":"https:\/\/alsum.co\/pt-br\/wp-json\/wp\/v2\/types\/biblioteca"}],"version-history":[{"count":0,"href":"https:\/\/alsum.co\/pt-br\/wp-json\/wp\/v2\/biblioteca\/8445\/revisions"}],"wp:featuredmedia":[{"embeddable":true,"href":"https:\/\/alsum.co\/pt-br\/wp-json\/wp\/v2\/media\/8444"}],"wp:attachment":[{"href":"https:\/\/alsum.co\/pt-br\/wp-json\/wp\/v2\/media?parent=8445"}],"wp:term":[{"taxonomy":"tipo_de_documento","embeddable":true,"href":"https:\/\/alsum.co\/pt-br\/wp-json\/wp\/v2\/tipo_de_documento?post=8445"},{"taxonomy":"etiquetas_tematicas","embeddable":true,"href":"https:\/\/alsum.co\/pt-br\/wp-json\/wp\/v2\/etiquetas_tematicas?post=8445"}],"curies":[{"name":"wp","href":"https:\/\/api.w.org\/{rel}","templated":true}]}}

EP 19. Aliança Estratégica: IME e ALSUM revolucionam a Formação em Seguros Marítimos na Ibero-América
