{"id":9883,"date":"2026-04-27T17:18:27","date_gmt":"2026-04-27T17:18:27","guid":{"rendered":"https:\/\/alsum.co\/?post_type=biblioteca&#038;p=9883"},"modified":"2026-04-27T17:18:30","modified_gmt":"2026-04-27T17:18:30","slug":"del-estrecho-a-latinoamerica-impacto-en-el-seguro-de-carga-mas-alla-de-lo-evidente","status":"publish","type":"biblioteca","link":"https:\/\/alsum.co\/pt-br\/biblioteca\/del-estrecho-a-latinoamerica-impacto-en-el-seguro-de-carga-mas-alla-de-lo-evidente\/","title":{"rendered":"Del estrecho a Latinoam\u00e9rica: Impacto en el seguro de carga, m\u00e1s all\u00e1 de lo evidente"},"content":{"rendered":"","protected":false},"excerpt":{"rendered":"","protected":false},"featured_media":9869,"template":"","meta":{"_acf_changed":false},"tipo_de_documento":[55],"etiquetas_tematicas":[],"class_list":["post-9883","biblioteca","type-biblioteca","status-publish","has-post-thumbnail","hentry","tipo_de_documento-memorias"],"acf":[],"_links":{"self":[{"href":"https:\/\/alsum.co\/pt-br\/wp-json\/wp\/v2\/biblioteca\/9883","targetHints":{"allow":["GET"]}}],"collection":[{"href":"https:\/\/alsum.co\/pt-br\/wp-json\/wp\/v2\/biblioteca"}],"about":[{"href":"https:\/\/alsum.co\/pt-br\/wp-json\/wp\/v2\/types\/biblioteca"}],"version-history":[{"count":1,"href":"https:\/\/alsum.co\/pt-br\/wp-json\/wp\/v2\/biblioteca\/9883\/revisions"}],"predecessor-version":[{"id":9885,"href":"https:\/\/alsum.co\/pt-br\/wp-json\/wp\/v2\/biblioteca\/9883\/revisions\/9885"}],"wp:featuredmedia":[{"embeddable":true,"href":"https:\/\/alsum.co\/pt-br\/wp-json\/wp\/v2\/media\/9869"}],"wp:attachment":[{"href":"https:\/\/alsum.co\/pt-br\/wp-json\/wp\/v2\/media?parent=9883"}],"wp:term":[{"taxonomy":"tipo_de_documento","embeddable":true,"href":"https:\/\/alsum.co\/pt-br\/wp-json\/wp\/v2\/tipo_de_documento?post=9883"},{"taxonomy":"etiquetas_tematicas","embeddable":true,"href":"https:\/\/alsum.co\/pt-br\/wp-json\/wp\/v2\/etiquetas_tematicas?post=9883"}],"curies":[{"name":"wp","href":"https:\/\/api.w.org\/{rel}","templated":true}]}}

Del estrecho a Latinoamérica: Impacto en el seguro de carga, más allá de lo evidente
